{"id":141,"date":"2025-07-12T13:43:07","date_gmt":"2025-07-12T13:43:07","guid":{"rendered":"https:\/\/mariadiana-art.it\/?page_id=141"},"modified":"2026-04-09T15:30:58","modified_gmt":"2026-04-09T15:30:58","slug":"bio","status":"publish","type":"page","link":"https:\/\/mariadiana-art.it\/index.php\/bio\/","title":{"rendered":"BIO"},"content":{"rendered":"\t\t<div data-elementor-type=\"wp-page\" data-elementor-id=\"141\" class=\"elementor elementor-141\">\n\t\t\t\t<div data-particle_enable=\"false\" data-particle-mobile-disabled=\"false\" class=\"elementor-element elementor-element-09c34e4 e-flex e-con-boxed e-con e-parent\" data-id=\"09c34e4\" data-element_type=\"container\" data-e-type=\"container\" data-settings=\"{&quot;background_background&quot;:&quot;classic&quot;}\">\n\t\t\t\t\t<div class=\"e-con-inner\">\n\t\t\t\t<div class=\"elementor-element elementor-element-edcf361 animated-slow elementor-invisible elementor-widget elementor-widget-heading\" data-id=\"edcf361\" data-element_type=\"widget\" data-e-type=\"widget\" data-settings=\"{&quot;_animation&quot;:&quot;fadeInUp&quot;}\" data-widget_type=\"heading.default\">\n\t\t\t\t\t<h2 class=\"elementor-heading-title elementor-size-default\">MARIA DIANA<\/h2>\t\t\t\t<\/div>\n\t\t\t\t<div class=\"elementor-element elementor-element-5d69db0 elementor-widget elementor-widget-heading\" data-id=\"5d69db0\" data-element_type=\"widget\" data-e-type=\"widget\" data-widget_type=\"heading.default\">\n\t\t\t\t\t<h3 class=\"elementor-heading-title elementor-size-default\">Se mi chiedi: tu di dove sei? Non so mai se dire che sono sarda o di Torino. Adesso mi sento di Roma.<\/h3>\t\t\t\t<\/div>\n\t\t\t\t\t<\/div>\n\t\t\t\t<\/div>\n\t\t<div data-particle_enable=\"false\" data-particle-mobile-disabled=\"false\" class=\"elementor-element elementor-element-c6e5799 e-flex e-con-boxed e-con e-parent\" data-id=\"c6e5799\" data-element_type=\"container\" data-e-type=\"container\" data-settings=\"{&quot;background_background&quot;:&quot;classic&quot;}\">\n\t\t\t\t\t<div class=\"e-con-inner\">\n\t\t\t\t<div class=\"elementor-element elementor-element-d7b71c2 animated-slow elementor-invisible elementor-widget elementor-widget-heading\" data-id=\"d7b71c2\" data-element_type=\"widget\" data-e-type=\"widget\" data-settings=\"{&quot;_animation&quot;:&quot;fadeInUp&quot;}\" data-widget_type=\"heading.default\">\n\t\t\t\t\t<h1 class=\"elementor-heading-title elementor-size-default\">BIO<\/h1>\t\t\t\t<\/div>\n\t\t\t\t<div class=\"elementor-element elementor-element-b6d41b1 elementor-widget elementor-widget-text-editor\" data-id=\"b6d41b1\" data-element_type=\"widget\" data-e-type=\"widget\" data-widget_type=\"text-editor.default\">\n\t\t\t\t\t\t\t\t\t<p>A Torino ho frequentato il liceo classico, perch\u00e9 nella mia famiglia non si poteva prescindere. Mi sono laureata in architettura al Politecnico per avere una formazione pi\u00f9 strutturata. Comunque non volevo fare l\u2019architetto. Gi\u00e0 sapevo che non l\u2019avrei mai fatto. L\u2019ho sempre saputo.<\/p>\n<p>A tre anni e mezzo giravo per casa con un barattolo pieno di colori. Disegnavo e non parlavo. I miei cugini mi odiavano perch\u00e9 non partecipavo ai loro giochi.<\/p>\n<p>Ho avuto una maestra d\u2019eccezione, Maria Lai, dalla quale sin da piccola ho appreso molto sulla composizione, sul disegno, sulla ceramica.<\/p>\n<p>A vent\u2019anni ho cominciato a lavorare in parte in Sardegna e a Roma, anche se allora abitavo ancora a Torino. Venivo e realizzavo delle piccole mostre.<\/p>\n<p>Il mio percorso nel sistema dell\u2019arte si \u00e8 interrotto e stato allora che, dopo un po\u2019 di tentativi \u00e8 uscita fuori questa idea di creare gioielli. Per un motivo molto pratico mi permetteva di fare delle cose piccole. Quindi avere un laboratorio piccolo, gestibile e potermi spostare agevolmente, da sola.<\/p>\n<p>Mi sono strutturata, sono diventata impresa individuale. Ho fatto dei corsi, li ho sempre fatti, cos\u00ec ho perfezionato le mie capacit\u00e0 tecniche. Ho cominciato a lavorare per i negozi, ho fatto le fiere di settore. Ho cercato di rendermi pi\u00f9 professionale possibile.<\/p>\n<p>Per\u00f2, adesso non mi basta neanche pi\u00f9 quello, non mi \u00e8 mai bastato, perch\u00e9 l\u2019idea era quella di passare attraverso il gioiello e quindi acquisire le tecniche, la conoscenza profonda di una o pi\u00f9 materiali, per poi fare altro. Per\u00f2 questo altro di fatto poi, non ho avuto lo spazio per farlo.<\/p>\n<p>Poco prima di compiere cinquant\u2019anni ho pensato: \u00e8 arrivato il momento. E adesso la mia ricerca artistica comincia a prendere forma.<\/p>\n<p>L\u2019arte pu\u00f2 essere tutto, anche qualcosa di immateriale. Bisogna avere bene presente che la materia \u00e8 un veicolo, altrimenti uno perde un po\u2019 l\u2019idea di che cos\u2019\u00e8 un lavoro artistico. Il nucleo \u00e8 quello che ci mette in comunicazione come esseri umani. Noi guardiamo l\u2019opera. Il punto \u00e8 se ci parla. L\u2019importante non \u00e8 la cosa in s\u00e9, quello che rimane \u00e8 l\u2019energia che si \u00e8 creata, ma rimane anche tra le cose che non ci sono pi\u00f9.&nbsp; Per questo penso che dobbiamo staccarci dall\u2019oggetto fisico.<\/p>\t\t\t\t\t\t\t\t<\/div>\n\t\t\t\t\t<\/div>\n\t\t\t\t<\/div>\n\t\t<div data-particle_enable=\"false\" data-particle-mobile-disabled=\"false\" class=\"elementor-element elementor-element-eaa996e e-con-full e-flex e-con e-parent\" data-id=\"eaa996e\" data-element_type=\"container\" data-e-type=\"container\">\n\t\t<div data-particle_enable=\"false\" data-particle-mobile-disabled=\"false\" class=\"elementor-element elementor-element-d245eec e-con-full e-flex e-con e-child\" data-id=\"d245eec\" data-element_type=\"container\" data-e-type=\"container\">\n\t\t\t\t<div class=\"elementor-element elementor-element-c49c6b5 animated-slow elementor-invisible elementor-widget elementor-widget-image\" data-id=\"c49c6b5\" data-element_type=\"widget\" data-e-type=\"widget\" data-settings=\"{&quot;_animation&quot;:&quot;fadeInLeft&quot;}\" data-widget_type=\"image.default\">\n\t\t\t\t\t\t\t\t\t\t\t\t\t\t\t<img fetchpriority=\"high\" decoding=\"async\" width=\"800\" height=\"800\" src=\"https:\/\/mariadiana-art.it\/wp-content\/uploads\/2025\/07\/Maria-Diana-lavoro-01.jpg\" class=\"attachment-large size-large wp-image-353\" alt=\"\" srcset=\"https:\/\/mariadiana-art.it\/wp-content\/uploads\/2025\/07\/Maria-Diana-lavoro-01.jpg 1000w, https:\/\/mariadiana-art.it\/wp-content\/uploads\/2025\/07\/Maria-Diana-lavoro-01-300x300.jpg 300w, https:\/\/mariadiana-art.it\/wp-content\/uploads\/2025\/07\/Maria-Diana-lavoro-01-150x150.jpg 150w, https:\/\/mariadiana-art.it\/wp-content\/uploads\/2025\/07\/Maria-Diana-lavoro-01-768x768.jpg 768w\" sizes=\"(max-width: 800px) 100vw, 800px\" \/>\t\t\t\t\t\t\t\t\t\t\t\t\t\t\t<\/div>\n\t\t\t\t<\/div>\n\t\t<div data-particle_enable=\"false\" data-particle-mobile-disabled=\"false\" class=\"elementor-element elementor-element-e73947b e-con-full e-flex e-con e-child\" data-id=\"e73947b\" data-element_type=\"container\" data-e-type=\"container\">\n\t\t\t\t<div class=\"elementor-element elementor-element-bd7d020 animated-slow elementor-invisible elementor-widget elementor-widget-image\" data-id=\"bd7d020\" data-element_type=\"widget\" data-e-type=\"widget\" data-settings=\"{&quot;_animation&quot;:&quot;fadeInUp&quot;}\" data-widget_type=\"image.default\">\n\t\t\t\t\t\t\t\t\t\t\t\t\t\t\t<img decoding=\"async\" width=\"800\" height=\"800\" src=\"https:\/\/mariadiana-art.it\/wp-content\/uploads\/2025\/07\/Maria-Diana-lavoro-02.jpg\" class=\"attachment-large size-large wp-image-354\" alt=\"\" srcset=\"https:\/\/mariadiana-art.it\/wp-content\/uploads\/2025\/07\/Maria-Diana-lavoro-02.jpg 1000w, https:\/\/mariadiana-art.it\/wp-content\/uploads\/2025\/07\/Maria-Diana-lavoro-02-300x300.jpg 300w, https:\/\/mariadiana-art.it\/wp-content\/uploads\/2025\/07\/Maria-Diana-lavoro-02-150x150.jpg 150w, https:\/\/mariadiana-art.it\/wp-content\/uploads\/2025\/07\/Maria-Diana-lavoro-02-768x768.jpg 768w\" sizes=\"(max-width: 800px) 100vw, 800px\" \/>\t\t\t\t\t\t\t\t\t\t\t\t\t\t\t<\/div>\n\t\t\t\t<\/div>\n\t\t<div data-particle_enable=\"false\" data-particle-mobile-disabled=\"false\" class=\"elementor-element elementor-element-bfad552 e-con-full e-flex e-con e-child\" data-id=\"bfad552\" data-element_type=\"container\" data-e-type=\"container\">\n\t\t\t\t<div class=\"elementor-element elementor-element-5960317 animated-slow elementor-invisible elementor-widget elementor-widget-image\" data-id=\"5960317\" data-element_type=\"widget\" data-e-type=\"widget\" data-settings=\"{&quot;_animation&quot;:&quot;fadeInRight&quot;}\" data-widget_type=\"image.default\">\n\t\t\t\t\t\t\t\t\t\t\t\t\t\t\t<img decoding=\"async\" width=\"800\" height=\"800\" src=\"https:\/\/mariadiana-art.it\/wp-content\/uploads\/2025\/07\/Maria-Diana-lavoro-03.jpg\" class=\"attachment-large size-large wp-image-355\" alt=\"\" srcset=\"https:\/\/mariadiana-art.it\/wp-content\/uploads\/2025\/07\/Maria-Diana-lavoro-03.jpg 1000w, https:\/\/mariadiana-art.it\/wp-content\/uploads\/2025\/07\/Maria-Diana-lavoro-03-300x300.jpg 300w, https:\/\/mariadiana-art.it\/wp-content\/uploads\/2025\/07\/Maria-Diana-lavoro-03-150x150.jpg 150w, https:\/\/mariadiana-art.it\/wp-content\/uploads\/2025\/07\/Maria-Diana-lavoro-03-768x768.jpg 768w\" sizes=\"(max-width: 800px) 100vw, 800px\" \/>\t\t\t\t\t\t\t\t\t\t\t\t\t\t\t<\/div>\n\t\t\t\t<\/div>\n\t\t<div data-particle_enable=\"false\" data-particle-mobile-disabled=\"false\" class=\"elementor-element elementor-element-a518c42 e-con-full e-flex e-con e-child\" data-id=\"a518c42\" data-element_type=\"container\" data-e-type=\"container\">\n\t\t\t\t<div class=\"elementor-element elementor-element-dae5f97 animated-slow elementor-invisible elementor-widget elementor-widget-image\" data-id=\"dae5f97\" data-element_type=\"widget\" data-e-type=\"widget\" data-settings=\"{&quot;_animation&quot;:&quot;fadeInDown&quot;}\" data-widget_type=\"image.default\">\n\t\t\t\t\t\t\t\t\t\t\t\t\t\t\t<img loading=\"lazy\" decoding=\"async\" width=\"800\" height=\"800\" src=\"https:\/\/mariadiana-art.it\/wp-content\/uploads\/2025\/07\/Maria-Diana-lavoro-04.jpg\" class=\"attachment-large size-large wp-image-356\" alt=\"\" srcset=\"https:\/\/mariadiana-art.it\/wp-content\/uploads\/2025\/07\/Maria-Diana-lavoro-04.jpg 1000w, https:\/\/mariadiana-art.it\/wp-content\/uploads\/2025\/07\/Maria-Diana-lavoro-04-300x300.jpg 300w, https:\/\/mariadiana-art.it\/wp-content\/uploads\/2025\/07\/Maria-Diana-lavoro-04-150x150.jpg 150w, https:\/\/mariadiana-art.it\/wp-content\/uploads\/2025\/07\/Maria-Diana-lavoro-04-768x768.jpg 768w\" sizes=\"(max-width: 800px) 100vw, 800px\" \/>\t\t\t\t\t\t\t\t\t\t\t\t\t\t\t<\/div>\n\t\t\t\t<\/div>\n\t\t\t\t<\/div>\n\t\t<div data-particle_enable=\"false\" data-particle-mobile-disabled=\"false\" class=\"elementor-element elementor-element-846d768 e-con-full e-flex e-con e-parent\" data-id=\"846d768\" data-element_type=\"container\" data-e-type=\"container\">\n\t\t<div data-particle_enable=\"false\" data-particle-mobile-disabled=\"false\" class=\"elementor-element elementor-element-823171e e-con-full e-flex e-con e-child\" data-id=\"823171e\" data-element_type=\"container\" data-e-type=\"container\">\n\t\t\t\t<div class=\"elementor-element elementor-element-fdf5d1f animated-slow elementor-invisible elementor-widget elementor-widget-image\" data-id=\"fdf5d1f\" data-element_type=\"widget\" data-e-type=\"widget\" data-settings=\"{&quot;_animation&quot;:&quot;fadeInUp&quot;}\" data-widget_type=\"image.default\">\n\t\t\t\t\t\t\t\t\t\t\t\t\t\t\t<img loading=\"lazy\" decoding=\"async\" width=\"800\" height=\"800\" src=\"https:\/\/mariadiana-art.it\/wp-content\/uploads\/2025\/07\/Maria-Diana-lavoro-05.jpg\" class=\"attachment-large size-large wp-image-357\" alt=\"\" srcset=\"https:\/\/mariadiana-art.it\/wp-content\/uploads\/2025\/07\/Maria-Diana-lavoro-05.jpg 1000w, https:\/\/mariadiana-art.it\/wp-content\/uploads\/2025\/07\/Maria-Diana-lavoro-05-300x300.jpg 300w, https:\/\/mariadiana-art.it\/wp-content\/uploads\/2025\/07\/Maria-Diana-lavoro-05-150x150.jpg 150w, https:\/\/mariadiana-art.it\/wp-content\/uploads\/2025\/07\/Maria-Diana-lavoro-05-768x768.jpg 768w\" sizes=\"(max-width: 800px) 100vw, 800px\" \/>\t\t\t\t\t\t\t\t\t\t\t\t\t\t\t<\/div>\n\t\t\t\t<\/div>\n\t\t<div data-particle_enable=\"false\" data-particle-mobile-disabled=\"false\" class=\"elementor-element elementor-element-3b75bc8 e-con-full e-flex e-con e-child\" data-id=\"3b75bc8\" data-element_type=\"container\" data-e-type=\"container\">\n\t\t\t\t<div class=\"elementor-element elementor-element-60d1434 elementor-invisible elementor-widget elementor-widget-image\" data-id=\"60d1434\" data-element_type=\"widget\" data-e-type=\"widget\" data-settings=\"{&quot;_animation&quot;:&quot;fadeInUp&quot;}\" data-widget_type=\"image.default\">\n\t\t\t\t\t\t\t\t\t\t\t\t\t\t\t<img loading=\"lazy\" decoding=\"async\" width=\"800\" height=\"800\" src=\"https:\/\/mariadiana-art.it\/wp-content\/uploads\/2025\/07\/Maria-Diana-lavoro-06.jpg\" class=\"attachment-large size-large wp-image-358\" alt=\"\" srcset=\"https:\/\/mariadiana-art.it\/wp-content\/uploads\/2025\/07\/Maria-Diana-lavoro-06.jpg 1000w, https:\/\/mariadiana-art.it\/wp-content\/uploads\/2025\/07\/Maria-Diana-lavoro-06-300x300.jpg 300w, https:\/\/mariadiana-art.it\/wp-content\/uploads\/2025\/07\/Maria-Diana-lavoro-06-150x150.jpg 150w, https:\/\/mariadiana-art.it\/wp-content\/uploads\/2025\/07\/Maria-Diana-lavoro-06-768x768.jpg 768w\" sizes=\"(max-width: 800px) 100vw, 800px\" \/>\t\t\t\t\t\t\t\t\t\t\t\t\t\t\t<\/div>\n\t\t\t\t<\/div>\n\t\t<div data-particle_enable=\"false\" data-particle-mobile-disabled=\"false\" class=\"elementor-element elementor-element-eda16f7 e-con-full e-flex e-con e-child\" data-id=\"eda16f7\" data-element_type=\"container\" data-e-type=\"container\">\n\t\t\t\t<div class=\"elementor-element elementor-element-b058b7d animated-slow elementor-invisible elementor-widget elementor-widget-image\" data-id=\"b058b7d\" data-element_type=\"widget\" data-e-type=\"widget\" data-settings=\"{&quot;_animation&quot;:&quot;fadeInUp&quot;}\" data-widget_type=\"image.default\">\n\t\t\t\t\t\t\t\t\t\t\t\t\t\t\t<img loading=\"lazy\" decoding=\"async\" width=\"800\" height=\"800\" src=\"https:\/\/mariadiana-art.it\/wp-content\/uploads\/2025\/07\/Maria-Diana-lavoro-07.jpg\" class=\"attachment-large size-large wp-image-359\" alt=\"\" srcset=\"https:\/\/mariadiana-art.it\/wp-content\/uploads\/2025\/07\/Maria-Diana-lavoro-07.jpg 1000w, https:\/\/mariadiana-art.it\/wp-content\/uploads\/2025\/07\/Maria-Diana-lavoro-07-300x300.jpg 300w, https:\/\/mariadiana-art.it\/wp-content\/uploads\/2025\/07\/Maria-Diana-lavoro-07-150x150.jpg 150w, https:\/\/mariadiana-art.it\/wp-content\/uploads\/2025\/07\/Maria-Diana-lavoro-07-768x768.jpg 768w\" sizes=\"(max-width: 800px) 100vw, 800px\" \/>\t\t\t\t\t\t\t\t\t\t\t\t\t\t\t<\/div>\n\t\t\t\t<\/div>\n\t\t<div data-particle_enable=\"false\" data-particle-mobile-disabled=\"false\" class=\"elementor-element elementor-element-fec3dd4 e-con-full e-flex e-con e-child\" data-id=\"fec3dd4\" data-element_type=\"container\" data-e-type=\"container\">\n\t\t\t\t<div class=\"elementor-element elementor-element-f962b56 animated-slow elementor-invisible elementor-widget elementor-widget-image\" data-id=\"f962b56\" data-element_type=\"widget\" data-e-type=\"widget\" data-settings=\"{&quot;_animation&quot;:&quot;fadeInRight&quot;}\" data-widget_type=\"image.default\">\n\t\t\t\t\t\t\t\t\t\t\t\t\t\t\t<img loading=\"lazy\" decoding=\"async\" width=\"800\" height=\"800\" src=\"https:\/\/mariadiana-art.it\/wp-content\/uploads\/2025\/07\/Maria-Diana-lavoro-08.jpg\" class=\"attachment-large size-large wp-image-360\" alt=\"\" srcset=\"https:\/\/mariadiana-art.it\/wp-content\/uploads\/2025\/07\/Maria-Diana-lavoro-08.jpg 1000w, https:\/\/mariadiana-art.it\/wp-content\/uploads\/2025\/07\/Maria-Diana-lavoro-08-300x300.jpg 300w, https:\/\/mariadiana-art.it\/wp-content\/uploads\/2025\/07\/Maria-Diana-lavoro-08-150x150.jpg 150w, https:\/\/mariadiana-art.it\/wp-content\/uploads\/2025\/07\/Maria-Diana-lavoro-08-768x768.jpg 768w\" sizes=\"(max-width: 800px) 100vw, 800px\" \/>\t\t\t\t\t\t\t\t\t\t\t\t\t\t\t<\/div>\n\t\t\t\t<\/div>\n\t\t\t\t<\/div>\n\t\t<div data-particle_enable=\"false\" data-particle-mobile-disabled=\"false\" class=\"elementor-element elementor-element-c430342 e-flex e-con-boxed e-con e-parent\" data-id=\"c430342\" data-element_type=\"container\" data-e-type=\"container\" data-settings=\"{&quot;background_background&quot;:&quot;classic&quot;}\">\n\t\t\t\t\t<div class=\"e-con-inner\">\n\t\t\t\t\t<\/div>\n\t\t\t\t<\/div>\n\t\t\t\t<\/div>\n\t\t","protected":false},"excerpt":{"rendered":"<p>MARIA DIANA Se mi chiedi: tu di dove sei? Non so mai se dire che sono sarda o di Torino. Adesso mi sento di Roma. BIO A Torino ho frequentato il liceo classico, perch\u00e9 nella mia famiglia non si poteva prescindere. Mi sono laureata in architettura al Politecnico per avere una formazione pi\u00f9 strutturata. Comunque [&hellip;]<\/p>\n","protected":false},"author":1,"featured_media":0,"parent":0,"menu_order":0,"comment_status":"closed","ping_status":"closed","template":"elementor_header_footer","meta":{"footnotes":""},"class_list":["post-141","page","type-page","status-publish","hentry"],"yoast_head":"<!-- This site is optimized with the Yoast SEO plugin v27.2 - https:\/\/yoast.com\/product\/yoast-seo-wordpress\/ -->\n<title>BIO - Maria Diana Art<\/title>\n<meta name=\"robots\" content=\"index, follow, max-snippet:-1, max-image-preview:large, max-video-preview:-1\" \/>\n<link rel=\"canonical\" href=\"https:\/\/mariadiana-art.it\/index.php\/bio\/\" \/>\n<meta property=\"og:locale\" content=\"it_IT\" \/>\n<meta property=\"og:type\" content=\"article\" \/>\n<meta property=\"og:title\" content=\"BIO - Maria Diana Art\" \/>\n<meta property=\"og:description\" content=\"MARIA DIANA Se mi chiedi: tu di dove sei? Non so mai se dire che sono sarda o di Torino. Adesso mi sento di Roma. BIO A Torino ho frequentato il liceo classico, perch\u00e9 nella mia famiglia non si poteva prescindere. Mi sono laureata in architettura al Politecnico per avere una formazione pi\u00f9 strutturata. Comunque [&hellip;]\" \/>\n<meta property=\"og:url\" content=\"https:\/\/mariadiana-art.it\/index.php\/bio\/\" \/>\n<meta property=\"og:site_name\" content=\"Maria Diana Art\" \/>\n<meta property=\"article:modified_time\" content=\"2026-04-09T15:30:58+00:00\" \/>\n<meta property=\"og:image\" content=\"https:\/\/mariadiana-art.it\/wp-content\/uploads\/2025\/07\/Maria-Diana-lavoro-01.jpg\" \/>\n\t<meta property=\"og:image:width\" content=\"1000\" \/>\n\t<meta property=\"og:image:height\" content=\"1000\" \/>\n\t<meta property=\"og:image:type\" content=\"image\/jpeg\" \/>\n<meta name=\"twitter:card\" content=\"summary_large_image\" \/>\n<meta name=\"twitter:label1\" content=\"Tempo di lettura stimato\" \/>\n\t<meta name=\"twitter:data1\" content=\"3 minuti\" \/>\n<script type=\"application\/ld+json\" class=\"yoast-schema-graph\">{\"@context\":\"https:\/\/schema.org\",\"@graph\":[{\"@type\":\"WebPage\",\"@id\":\"https:\/\/mariadiana-art.it\/index.php\/bio\/\",\"url\":\"https:\/\/mariadiana-art.it\/index.php\/bio\/\",\"name\":\"BIO - Maria Diana Art\",\"isPartOf\":{\"@id\":\"https:\/\/mariadiana-art.it\/#website\"},\"primaryImageOfPage\":{\"@id\":\"https:\/\/mariadiana-art.it\/index.php\/bio\/#primaryimage\"},\"image\":{\"@id\":\"https:\/\/mariadiana-art.it\/index.php\/bio\/#primaryimage\"},\"thumbnailUrl\":\"https:\/\/mariadiana-art.it\/wp-content\/uploads\/2025\/07\/Maria-Diana-lavoro-01.jpg\",\"datePublished\":\"2025-07-12T13:43:07+00:00\",\"dateModified\":\"2026-04-09T15:30:58+00:00\",\"breadcrumb\":{\"@id\":\"https:\/\/mariadiana-art.it\/index.php\/bio\/#breadcrumb\"},\"inLanguage\":\"it-IT\",\"potentialAction\":[{\"@type\":\"ReadAction\",\"target\":[\"https:\/\/mariadiana-art.it\/index.php\/bio\/\"]}]},{\"@type\":\"ImageObject\",\"inLanguage\":\"it-IT\",\"@id\":\"https:\/\/mariadiana-art.it\/index.php\/bio\/#primaryimage\",\"url\":\"https:\/\/mariadiana-art.it\/wp-content\/uploads\/2025\/07\/Maria-Diana-lavoro-01.jpg\",\"contentUrl\":\"https:\/\/mariadiana-art.it\/wp-content\/uploads\/2025\/07\/Maria-Diana-lavoro-01.jpg\",\"width\":1000,\"height\":1000},{\"@type\":\"BreadcrumbList\",\"@id\":\"https:\/\/mariadiana-art.it\/index.php\/bio\/#breadcrumb\",\"itemListElement\":[{\"@type\":\"ListItem\",\"position\":1,\"name\":\"Home\",\"item\":\"https:\/\/mariadiana-art.it\/\"},{\"@type\":\"ListItem\",\"position\":2,\"name\":\"BIO\"}]},{\"@type\":\"WebSite\",\"@id\":\"https:\/\/mariadiana-art.it\/#website\",\"url\":\"https:\/\/mariadiana-art.it\/\",\"name\":\"Maria Diana Art\",\"description\":\"Materia, Arte\",\"potentialAction\":[{\"@type\":\"SearchAction\",\"target\":{\"@type\":\"EntryPoint\",\"urlTemplate\":\"https:\/\/mariadiana-art.it\/?s={search_term_string}\"},\"query-input\":{\"@type\":\"PropertyValueSpecification\",\"valueRequired\":true,\"valueName\":\"search_term_string\"}}],\"inLanguage\":\"it-IT\"}]}<\/script>\n<!-- \/ Yoast SEO plugin. -->","yoast_head_json":{"title":"BIO - Maria Diana Art","robots":{"index":"index","follow":"follow","max-snippet":"max-snippet:-1","max-image-preview":"max-image-preview:large","max-video-preview":"max-video-preview:-1"},"canonical":"https:\/\/mariadiana-art.it\/index.php\/bio\/","og_locale":"it_IT","og_type":"article","og_title":"BIO - Maria Diana Art","og_description":"MARIA DIANA Se mi chiedi: tu di dove sei? Non so mai se dire che sono sarda o di Torino. Adesso mi sento di Roma. BIO A Torino ho frequentato il liceo classico, perch\u00e9 nella mia famiglia non si poteva prescindere. Mi sono laureata in architettura al Politecnico per avere una formazione pi\u00f9 strutturata. Comunque [&hellip;]","og_url":"https:\/\/mariadiana-art.it\/index.php\/bio\/","og_site_name":"Maria Diana Art","article_modified_time":"2026-04-09T15:30:58+00:00","og_image":[{"width":1000,"height":1000,"url":"https:\/\/mariadiana-art.it\/wp-content\/uploads\/2025\/07\/Maria-Diana-lavoro-01.jpg","type":"image\/jpeg"}],"twitter_card":"summary_large_image","twitter_misc":{"Tempo di lettura stimato":"3 minuti"},"schema":{"@context":"https:\/\/schema.org","@graph":[{"@type":"WebPage","@id":"https:\/\/mariadiana-art.it\/index.php\/bio\/","url":"https:\/\/mariadiana-art.it\/index.php\/bio\/","name":"BIO - Maria Diana Art","isPartOf":{"@id":"https:\/\/mariadiana-art.it\/#website"},"primaryImageOfPage":{"@id":"https:\/\/mariadiana-art.it\/index.php\/bio\/#primaryimage"},"image":{"@id":"https:\/\/mariadiana-art.it\/index.php\/bio\/#primaryimage"},"thumbnailUrl":"https:\/\/mariadiana-art.it\/wp-content\/uploads\/2025\/07\/Maria-Diana-lavoro-01.jpg","datePublished":"2025-07-12T13:43:07+00:00","dateModified":"2026-04-09T15:30:58+00:00","breadcrumb":{"@id":"https:\/\/mariadiana-art.it\/index.php\/bio\/#breadcrumb"},"inLanguage":"it-IT","potentialAction":[{"@type":"ReadAction","target":["https:\/\/mariadiana-art.it\/index.php\/bio\/"]}]},{"@type":"ImageObject","inLanguage":"it-IT","@id":"https:\/\/mariadiana-art.it\/index.php\/bio\/#primaryimage","url":"https:\/\/mariadiana-art.it\/wp-content\/uploads\/2025\/07\/Maria-Diana-lavoro-01.jpg","contentUrl":"https:\/\/mariadiana-art.it\/wp-content\/uploads\/2025\/07\/Maria-Diana-lavoro-01.jpg","width":1000,"height":1000},{"@type":"BreadcrumbList","@id":"https:\/\/mariadiana-art.it\/index.php\/bio\/#breadcrumb","itemListElement":[{"@type":"ListItem","position":1,"name":"Home","item":"https:\/\/mariadiana-art.it\/"},{"@type":"ListItem","position":2,"name":"BIO"}]},{"@type":"WebSite","@id":"https:\/\/mariadiana-art.it\/#website","url":"https:\/\/mariadiana-art.it\/","name":"Maria Diana Art","description":"Materia, Arte","potentialAction":[{"@type":"SearchAction","target":{"@type":"EntryPoint","urlTemplate":"https:\/\/mariadiana-art.it\/?s={search_term_string}"},"query-input":{"@type":"PropertyValueSpecification","valueRequired":true,"valueName":"search_term_string"}}],"inLanguage":"it-IT"}]}},"_links":{"self":[{"href":"https:\/\/mariadiana-art.it\/index.php\/wp-json\/wp\/v2\/pages\/141","targetHints":{"allow":["GET"]}}],"collection":[{"href":"https:\/\/mariadiana-art.it\/index.php\/wp-json\/wp\/v2\/pages"}],"about":[{"href":"https:\/\/mariadiana-art.it\/index.php\/wp-json\/wp\/v2\/types\/page"}],"author":[{"embeddable":true,"href":"https:\/\/mariadiana-art.it\/index.php\/wp-json\/wp\/v2\/users\/1"}],"replies":[{"embeddable":true,"href":"https:\/\/mariadiana-art.it\/index.php\/wp-json\/wp\/v2\/comments?post=141"}],"version-history":[{"count":6,"href":"https:\/\/mariadiana-art.it\/index.php\/wp-json\/wp\/v2\/pages\/141\/revisions"}],"predecessor-version":[{"id":766,"href":"https:\/\/mariadiana-art.it\/index.php\/wp-json\/wp\/v2\/pages\/141\/revisions\/766"}],"wp:attachment":[{"href":"https:\/\/mariadiana-art.it\/index.php\/wp-json\/wp\/v2\/media?parent=141"}],"curies":[{"name":"wp","href":"https:\/\/api.w.org\/{rel}","templated":true}]}}